- 5*l + 28 = 0. Let p = u - 9. Let d(k) = k + 2. Calculate d(p).
1
Let u(m) be the second derivative of -m**3/2 - 9*m**2/2 - 127*m. Give u(-6).
9
Let t(s) = -5*s**2 + s - 2. Let r(z) = -12*z**2 + 2*z - 2. Let w(g) = 2*r(g) - 5*t(g). Calculate w(-5).
36
Suppose -2*w + 10 = 2*k, 5*k - 23 = -7*w + 3*w. Let o(p) = 5*p**3 - p**w - p + 2*p**2 + 1 + 2*p. Give o(-1).
-4
Let f(t) be the second derivative of -t**6/720 + t**5/60 - t**4/6 + 5*t. Let g(u) be the third derivative of f(u). What is g(0)?
2
Suppose 2*v + 15*d = 17*d + 16, -5*d = -v + 20. Let f(t) = -t**3 + 5*t**2 - 2*t + 5. Give f(v).
-5
Let g(q) be the first derivative of -9/2*q**2 + 1/4*q**4 + 8/3*q**3 - 5*q + 8. Give g(-9).
-5
Let j(d) = d**3 - 5*d**2 + 8. Let a(u) = 3*u + 21. Let b be a(-5). Calculate j(b).
44
Let q(l) = -l**3 + l - 1. Let s(w) = 5*w**3 - 3*w**2 - 5*w + 6. Suppose 0 = -4*n - 3 + 7. Let m(a) = n*s(a) + 6*q(a). What is m(-2)?
-6
Let p(w) = -14 + 13 - 2177*w + w**2 - 2*w**2 + 2179*w + 2*w**3. Calculate p(-2).
-25
Let r(y) = -y - 5. Let g be r(0). Let l(v) be the first derivative of -v**4/4 - 2*v**3 - 2*v**2 + 5*v - 238. Determine l(g).
0
Let w(t) = 2*t - t + 4 + 3*t - 3*t. Suppose 3*r = 49 - 58. Determine w(r).
1
Let d = -48 - -44. Let j(y) be the first derivative of -y**6/120 - y**5/20 - y**3/3 + y**2 + 2. Let q(g) be the second derivative of j(g). Calculate q(d).
14
Let j(h) = -h**3 + 12*h**2 - 10*h - 12. Let w(y) = -47*y - 83. Let c be w(-2). Give j(c).
-1
Let y(g) = 25*g - 9. Let n(s) = -17*s + 6. Let o(z) = -7*n(z) - 5*y(z). Calculate o(-6).
39
Let k(x) be the second derivative of -x**4/6 - 5*x**3/3 + 11*x**2 + 143*x - 1. Give k(-7).
-6
Let i(r) be the third derivative of -r**5/20 - r**4/12 + r**3/6 + 78*r**2. Determine i(-2).
-7
Let f(p) = -p**2 - 7*p - 2. Let d = -9 - -11. Suppose d*n + n = 0. Suppose 5*m + 0*m + 30 = n. Determine f(m).
4
Let x(l) = -l - 190 - 7*l**2 + 96 + 93. Determine x(-1).
-7
Suppose 9*v - 58 = -40. Let x(o) = o**3 + 2*o - 2. Give x(v).
10
Let c = -2334 - -2339. Suppose -2*g - 2*g + 4 = 0. Let b(s) = g - s**2 - 6 + 5*s + 2*s. Give b(c).
5
Let h = -13 + 26. Suppose -4 = 3*w - h. Let p(x) = w + x**3 - x - 9*x**2 + 3*x + 9*x**2. What is p(-2)?
-9
Let k(d) = d**3 - 10*d**2 - 2 + 6*d**2 - 7*d + 9. Suppose 18 + 2 = 2*q - 2*r, 5*r = q - 30. Determine k(q).
-3
Let m(q) = -17*q + 2 + 2*q**3 - 16*q + 44*q - 4*q**2 - 10*q. Give m(2).
4
Let p(k) = -23 + 34 - 2*k - k**2 - 13. Give p(-3).
-5
Suppose -3*m + 6*a - a + 3 = 0, -4*m + 4*a = 4. Let x(q) = -4*q - 9. Calculate x(m).
7
Let f(g) be the second derivative of -6*g + 1/3*g**3 + 3*g**2 + 0. Let p = -15 + 9. Determine f(p).
-6
Let x(f) = 2*f - 5. Let k(q) = 8*q + 24. Let d(y) = k(y) + 5*x(y). Give d(-1).
-19
Let i be 0 + 7*-1*(1 - 2). Suppose 2*v + 5*c + 22 = 0, -8*c = -4*v - i*c. Let y(k) = -12*k**3 - 2*k**2 + 1. Give y(v).
11
Let d(t) be the second derivative of -t**5/5 - t**2/2 + t. Let x(z) = 2*z**3 - 2*z**2 + 4*z - 2. Let b be x(2). Suppose -b = 4*p - 10. Calculate d(p).
3
Let l(g) = g**3 + g**2 + 1. Let r(d) = -4*d**2 + d - 3. Let n(t) = -l(t) + r(t). Let i be (-5)/(0 + 1 + 0). Calculate n(i).
-9
Let q(s) = -s + 4. Let h(t) = 0*t**3 + 22 + 9*t**2 - 9*t - 20 - t**3. Let i be h(8). Calculate q(i).
10
Let v(p) = 5*p**2 - 2*p. Let t = 472 + -470. What is v(t)?
16
Let q(r) be the first derivative of r**4/4 + 4*r**3/3 + 3*r**2/2 + r - 62. Let b(h) = 5*h - 1. Let c be b(1). Let n be -1*((-2 - -2) + c). Give q(n).
-11
Let g(h) be the first derivative of 3*h**2/2 + 2*h + 425. Give g(-5).
-13
Let q(b) = -4*b**2 - 3*b + 1 - 3 + 2*b + 5*b**2. Let c be (-25)/(-3) + (-9)/27. Suppose 4*w = 4*x - c, x + w + 4 = 6. Calculate q(x).
0
Let h(t) = 6*t - 3. Let f = 28 + -48. Let s be (-10)/6*24/f. Give h(s).
9
Let u(r) = -r**2 - 16*r - 28. Let l be 3/(-1 + (-99)/(-126)). What is u(l)?
0
Let q(b) = b**3 - b + 3. Let t be q(0). Let r(x) = t - x**2 - x + 4*x - 5*x**2 + x**3. Suppose 4*w = -12, 0 = 5*n - 3*w - 25 - 9. What is r(n)?
-7
Let d(x) = x**3 + x. Let a(k) = k**3 + 4*k**2 - 10*k + 14. Let g be a(-6). Calculate d(g).
10
Let g(p) be the first derivative of 2*p**2 - 2*p + 1. Let j = 306 - 304. Calculate g(j).
6
Let d(z) = z**2 + 9*z + 13. Suppose -13*b - 46 = 32. What is d(b)?
-5
Let o(u) = -u**3 + 4*u**2 + 3*u. Let b(t) be the second derivative of t**3 - 7*t**2/2 - 3*t. Let w be b(2). Give o(w).
-10
Let r(l) = 4*l + 6. Let j = 41 - 38. Determine r(j).
18
Let m(k) = k**2. Let r be -19 - (3 - 2)/1. Let w = -13 - r. Suppose 10 = 2*v - w*v. What is m(v)?
4
Let p be (-265)/15 + 1/(9/6). Let d(z) = -5*z**2 + 10*z - 12. Let x(r) = -14*r**2 + 29*r - 35. Let w(s) = p*d(s) + 6*x(s). Determine w(-5).
-1
Suppose -61*h = 121 + 184. Let i(f) = f**2 + 8*f + 7. What is i(h)?
-8
Let x(c) = 2*c - 7. Suppose -45 - 83 = -16*b. Give x(b).
9
Suppose 0 = -18*b + 66 - 120. Let h(s) = 3*s + 9. Let y(t) = t + 4. Let o(n) = 2*h(n) - 5*y(n). Let q(a) = 1. Let l(c) = b*q(c) + o(c). What is l(8)?
3
Let d(t) = -t**3 - 7*t**2 - 5*t + 3. Let g(m) be the second derivative of -m**5/20 + 7*m**4/12 + 3*m**3 - 3*m**2 + 16*m. Let b be g(9). Give d(b).
-3
Let q = 216 - 214. Let k(l) = l**3 - 2*l**2 + 2*l - 1. What is k(q)?
3
Let p(v) = 2*v**2 + 34*v - 8*v - 2 - 2*v**3 - 15*v - 8*v. What is p(2)?
-4
Let u(d) = d**3 - 5*d**2 - 3*d + 5. Suppose 5*a + 3*k = 25, 2*k = 7*k. Calculate u(a).
-10
Let l(t) = -19 - 521*t**2 + 522*t**2 - 5*t - 6. Determine l(8).
-1
Let x(s) = -2*s**3 + 2*s**2 - s - 4. Let h(v) = -3*v**3 - 2*v**2 + 4*v - 1. Let k be h(1). Give x(k).
22
Let t(i) = i + 6. Let y be (6 + -5)*(2 + 1). Suppose -4*a + 6 = -a - 3*g, -y*a + 12 = 3*g. Suppose -x = 2*f, 2*x + a*x + 2*f = 0. Calculate t(x).
6
Let o = -9 + 10. Let c(a) = 11*a - 2. Let t be c(o). Let l = t + -9. Let f(b) = -b**2 - b + 7. What is f(l)?
7
Let h(l) = -5*l**3 - 16*l**2 + 6*l - 12. Let g(i) = i**3 + i**2 + i. Let n(d) = -6*g(d) - h(d). Determine n(9).
-15
Suppose -j = h + 3, -2 + 4 = -2*j - h. Let w be (j/3)/((-12)/(-108)). Let k(i) = -8*i - 9*i**2 + 6*i + w*i. What is k(1)?
-8
Suppose -2*z = 1 - 11, -2*y - 5*z + 9 = 0. Let n(d) = -d**2 - 7*d - 2. Calculate n(y).
-10
Let o(r) = 10 - r + 2 - 17 + 12. Calculate o(-6).
13
Let n(a) = a**3 - 4*a**2 + 2*a. Suppose -34*m + 88 = -82. Determine n(m).
35
Let m(v) = -13*v**3 + 5*v**2 - 9*v + 14. Let n(s) = -2*s**3 - s + 3. Let f(o) = m(o) - 6*n(o). What is f(5)?
-19
Let d(z) = -14*z - 8. Let h(n) = 3*n + 2. Let j(m) = -2*d(m) - 9*h(m). Suppose 2*y - 4 = 10. Give j(y).
5
Suppose 5*d + 5*w = -4 - 6, w = -3*d - 16. Let b(c) = c**3 + 6*c**2 - 6*c - 8. Give b(d).
-15
Suppose 4*v = -4*j, -2*v - 3*j + 6*j + 5 = 0. Let r be 3/(v/(2/3)). Suppose 0 = r*f + 2*f + 8. Let m(c) = -2*c**2 - c. What is m(f)?
-6
Let i(a) = a**3 + 5*a**2 - 8*a - 6. Suppose 4*z = -3*g - 261, 0*z + 2*z - 5*g + 163 = 0. Let u = -27 + z. Let n be ((-2)/(-4))/(8/u). Calculate i(n).
6
Let d be 1/(-1*(2 - (-5 - -6))). Let v(y) = 27*y**2 - 7*y - 3. Let c(h) = 18*h**2 - 5*h - 2. Let f(k) = 7*c(k) - 5*v(k). Determine f(d).
-8
Suppose -4*y - 3*o + 19 = 0, 4*o - 17 = -3*y - 1. Let u(g) = y - g**2 - 4 - g. Let c be 2 - 8/7 - (-65)/(-35). Determine u(c).
0
Suppose a + 3 = -2*q, -2*a + 0*q - 11 = 5*q. Let u = a - 12. Let r(o) = 5*o + 6. Let l(s) = -s - 1. Let t(c) = 6*l(c) + r(c). Give t(u).
5
Let h(g) = -g + 7. Let p(d) = 7*d**2 - 3*d. Let o be p(2). Let b be (-1200)/66 - (-4)/o. Let q be (2/6)/((-1)/b). Determine h(q).
1
Let a(v) be the second derivative of -5*v**4/24 + v**3 + 3*v**2 + 12*v. Let m(s) be the first derivative of a(s). Determine m(4).
-14
Let v(y) = -y**3 + 8*y**2 - 6*y + 6. Suppose -9*o + 2*o + o = 0. Suppose 6*t - 2*t + 3*c - 13 = o, 0 = 4*t - 5*c - 53. Give v(t).
13
Let x(d) = -d**2 - 3*d - 2. Suppose 4*n = -4, 3*k + 3*n = -0*k + 12. Let c be (-272)/85 + 1/k. Give x(c).
-2
Suppose 5*x = 4*n + 17, -8*x - n = -3*x - 2. Let c(v) = -8*v**3 - 2*v + 1. What is c(x)?
-9
Let u(j) = 9 + 13 + 4*j - 22. Suppose 15 = 5*t - 0*t. Determine u(t).
12
Let g(y) = -4*y - 7. Let p(t) = -2*t - 3. Let b(m) = -6*g(m) + 11*p(m). Let j be b(-4). Let w(q) = -12*q**2. Determine w(j).
-12
Let v(c) = 2*c - 4*c + c. Suppose -o - 2*g + 2 = 0, -3 = 4*o + 4*g - 15. Suppose 5*w - 15 = 5*h, 2*w + 2*h - o - 2 = 0. Determine v(w).
-3
Suppose 4*h = -2*d + 6, h - 4 - 10 = -3*d. Let w be ((-14)/70)/(1/d). Let m(b) = -4*